/(2/o) prime?
False
Suppose -9*b + 5*b - 4 = 0. Let d be 2/2*-1*b. Is (-148)/1*d/(-4) prime?
True
Let s = -57 - 357. Let y(d) = -286*d**3 - 2*d + 1. Let f be y(1). Let p = f - s. Is p composite?
False
Let y = -65 - -67. Is (y/4)/(1/4) + 1457 a prime number?
True
Let n(t) = -51*t + 15. Let z(p) = 17*p - 5. Let j(b) = -4*n(b) - 14*z(b). Is j(-4) a composite number?
True
Let k = -2950 - -9349. Suppose -6791 = -5*p + k. Is p a composite number?
True
Let w(v) = -v + 49. Let b be w(17). Suppose 0 = -36*m + b*m + 220. Is m a composite number?
True
Let u be 2 + (-2)/(-4)*4. Suppose -2658 = -10*i + u*i. Is i composite?
False
Suppose 0 = -2*r + 5*m - 2*m + 461, 0 = 2*m + 6. Let l = r - 129. Suppose -z = -l - 94. Is z a composite number?
False
Let f = -14272 + 20521. Is f prime?
False
Let v = 0 + -1. Let w be v/(-4) - (-75)/20. Suppose 2*u + 4 - 276 = -w*i, -2*u + 138 = 2*i. Is i a prime number?
True
Let o = 328 + 189. Is o a composite number?
True
Suppose 8*a = 14*a - 58062. Is a a prime number?
True
Let s = 18 - 13. Suppose -4*a + 853 = s*q, 5*q - 2*a - 334 = 3*q. Let y = -84 + q. Is y composite?
True
Let k = 13037 - 29075. Is k/(-10) - 52/65 a composite number?
True
Let g(u) = -u**2 - 10*u + 14. Let x be g(-11). Suppose 2*n - x*l = 3185, l = 4*n + 3188 - 9573. Is n a composite number?
False
Is (-1676)/(-3)*((-135)/4)/(-15) a prime number?
False
Let c be (-8)/44 + 444/22. Let m = -17 + c. Suppose 63 = -0*u + m*u. Is u a composite number?
True
Let h be (-6)/24 + 9/4. Suppose -h*w - 3*w = 5*f - 440, -4*f = w - 88. Let m = -53 + w. Is m prime?
False
Let a = -127489 + 182924. Is a a composite number?
True
Is (11622/104)/(1/4) composite?
True
Let p = 33 - 31. Suppose -p*s = -0*s + 464. Let b = 371 + s. Is b prime?
True
Suppose 5*m + 5 = 20. Let o be m/12 - (-99)/(-12). Is (2/o)/((-8)/2272) a composite number?
False
Suppose -p + 0*p + 5*b + 54 = 0, b + 5 = 0. Is (0 + 0 + p)*3 a composite number?
True
Suppose 0 = 12*f - 13*f + 2. Suppose f*b - r + 1117 = 3*b, -5585 = -5*b + 5*r. Is b prime?
True
Is ((-30)/(-20))/(((-6)/9532)/(-1)) a prime number?
True
Is -6 + 11269 + 11 - (1 + 0) a prime number?
True
Is -28*(0 + -59) + 5 prime?
True
Is (6/(-16)*-8118 + 5)*4 prime?
True
Suppose -451 = -3*x + 2552. Suppose -7*i = -1148 - x. Is i a prime number?
True
Suppose -7 = 3*z + 2. Is 3 + -6 + z/((-6)/458) prime?
False
Let z = 17 - 14. Suppose z*i + 3*m + 549 = 0, i + m + 173 = 5*m. Let t = -123 - i. Is t a composite number?
True
Suppose k - 6*k - 2295 = 0. Let f = -287 - k. Suppose x = -x + f. Is x prime?
False
Let i(c) = -4*c**3 + 12*c**2 - 9*c + 12. Let k(s) = 7*s**3 - 25*s**2 + 19*s - 24. Let y(t) = -5*i(t) - 3*k(t). Is y(13) a composite number?
True
Let u = -6009 - -15098. Is u composite?
True
Let a(x) = -x**3 + x**2 - x + 874. Let k be a(0). Suppose 4*g = -h + 271, -342 + k = 2*h + 3*g. Is h a composite number?
False
Suppose -2*z = -5*l + 72435, 14*l - 15*l + 14504 = 3*z. Is l a prime number?
True
Let o = 10819 + -5822. Is o a prime number?
False
Suppose -409495 = -3*u - 2*f, -3*u + 8*f = 9*f - 409490. Is u a prime number?
False
Suppose -95851 = -12*m + 13361. Is m a composite number?
True
Suppose o - 7 = 103. Let v = o + -57. Is v composite?
False
Let g(z) = -z + 15*z + 8*z - 11. Let y(o) = -67*o + 34. Let n(r) = -8*g(r) - 3*y(r). Is n(9) prime?
True
Let x(y) = y**2 - 4*y - 2. Let d be x(4). Let o be -2*1/d - -2. Suppose 8*v = o*v + 830. Is v a composite number?
True
Let k = 244 + -243. Let v(d) = 0*d + 1 + d - 4*d + 309*d**2. Is v(k) prime?
True
Suppose 4*g - 104 = 60. Suppose -37*i + g*i - 2540 = 0. Is i composite?
True
Let g be -1 + -1 + 16 + -2. Let s be -1 + 2 + (g - 8). Suppose -s*l = -694 + 269. Is l a composite number?
True
Let f(d) = 58*d**2 + 3*d - 12. Suppose 12*a + 10 = 46. Is f(a) a composite number?
True
Suppose 3*q + q + 8 = 0, 5*q = 5*z - 94265. Is z prime?
False
Suppose 6 = 10*n - 24. Suppose -5*f - 74 = -2*i, n*i - 5*i + 4*f + 74 = 0. Is i a prime number?
True
Let q = 5 + -8. Is q - (-17)/(((-10)/(-232))/5) a prime number?
False
Suppose n - 5*f - 175 = 0, f = -n + 4*f + 175. Let c(d) = -13*d - 5. Let o be c(9). Let h = o + n. Is h a composite number?
False
Let z(g) = 257*g - 66. Is z(5) composite?
True
Let y(f) be the third derivative of f**4/6 + 3*f**3 - 2*f**2. Let c be y(-8). Let b = 21 + c. Is b a prime number?
True
Is 12895/(-15)*-2*6/4 a composite number?
False
Let w(t) = -t**2 + 5*t - 4. Let l be (-6)/((-2)/3*3). Let i be w(l). Suppose 0 = -0*s - i*s + 92. Is s composite?
True
Let u(k) = -2*k**3 + 7*k + 1. Let i be u(-6). Is i*((-8)/4 + 3) prime?
False
Is ((-8)/6)/(192/(-1714032)) a composite number?
False
Let h = 31 - 19. Suppose -c = 4*r + 2*c + h, 0 = -c. Is 326/r*(-21)/14 a composite number?
False
Let f = -32 - -34. Suppose 4013 = f*y - 1893. Is y composite?
False
Let t = 17746 - -101599. Is t a prime number?
False
Let r = 3 - 6. Let n(p) = -3*p - 4. Let x be n(r). Suppose -y - 716 = -x*y. Is y a prime number?
True
Let r be 2/(4/(-1946)) + -3. Let h = r - -292. Let j = 359 - h. Is j prime?
False
Let j(u) = -25*u - 9. Let y be j(-3). Let t = 1 + y. Is t a prime number?
True
Is (51105/(-10))/(9/(-6)) composite?
False
Let h = -1102 - -2289. Is h a prime number?
True
Suppose 0 = 32*n - 29*n + 36. Is n/(0 - 6) + 1341 composite?
True
Let z(v) = -563*v + 236. Is z(-9) composite?
False
Let s(n) be the second derivative of 17*n**3/6 + 4*n**2 + 2*n. Let r be s(5). Let c = 152 - r. Is c prime?
True
Let x(z) be the second derivative of 0 - 1/2*z**3 + 2*z**2 + 4*z + 1/4*z**4. Is x(3) prime?
False
Suppose 5*h + 640 + 902 = -2*m, 774 = -m - 4*h. Let g = -419 - m. Is g a prime number?
True
Let g(a) = -2*a**3 + 24*a**2 + 35*a + 154. Is g(-19) a prime number?
True
Suppose -201 = -z + 4*z. Let g = z - -117. Suppose g + 7 = r. Is r a composite number?
True
Let t(w) be the second derivative of w**5/20 - w**4/4 + w**3/2 + w**2 - 4*w. Let c be t(3). Suppose -10*l = -c*l + 191. Is l a composite number?
False
Suppose -5*p = 5*d - 180, d = -2*p + 16 + 52. Let l = p + -29. Suppose -9 = l*o - 66. Is o a composite number?
False
Suppose 8*w = 12*w - 4. Is (-20 - -19)*(w + -107) a composite number?
True
Let r = 7206 - 3688. Let g = r - 2155. Is g a prime number?
False
Let t = -187 + 558. Is t a prime number?
False
Suppose 0 = -2*o + 4*c + 180 + 344, 0 = -5*o + c + 1274. Is o a composite number?
True
Suppose 4*p - 2*c + 24 = c, -p + 4*c - 6 = 0. Let m(f) = f + 9. Let o be m(p). Suppose -o*q - 294 = -3*j, 2*q - 6*q + 481 = 5*j. Is j a prime number?
True
Is (18/(-27))/(6/(-105579)) a prime number?
True
Suppose 0*y + 5*y = d + 126958, -4*d = 12. Is y prime?
True
Let j be 234*(-2 - (-6 + 3)). Let w be (4/6)/((-6)/j). Is (-16 + w)*1/(-3) a prime number?
False
Let c(u) = -2254*u + 671. Is c(-3) a prime number?
True
Let i(k) = 2*k - 1. Suppose 11 = -3*u - 16. Let j(o) = o**3 + 7*o**2 - 18*o + 2. Let f be j(u). Is i(f) a composite number?
False
Is ((-167204)/(-8))/(15/30) a prime number?
True
Let x = -17 - -14. Let g(f) = -7*f**3 - 5*f**2 - 2*f + 7. Is g(x) prime?
True
Suppose -4*n - 4*i + 123212 = 0, -4*n - 2*i + 3*i = -123202. Is n prime?
False
Suppose 5*m - 40 = -3*k, -4*k - 2*m = -7*k + 5. Suppose -2*z - 5*f = -4*z + 15, -k*f - 5 = 0. Suppose 2*a = z*a - 747. Is a a prime number?
False
Suppose -1721 = -6*o - 107. Suppose -o = -i + 30. Is i composite?
True
Let a be (-24)/(-3*(-2)/(-632)). Suppose 605 = -3*b + a. Is b a prime number?
True
Let z = 147 + -6. Let u = z + -14. Is u a prime number?
True
Is 8 - 13/((-26)/4242) prime?
True
Let a = -31 - -34. Suppose 2*y - 3*p - 2308 = -0*y, 2*y - 2296 = -a*p. Is y composite?
False
Suppose 16*q - 4*z - 8963 = 11*q, 3*z + 5376 = 3*q. Is q a prime number?
False
Suppose 0 = -0*v - 3*v + 2361. Is v a prime number?
True
Let q = 922 - 218. Let t = q - 315. Is t a prime number?
True
Suppose -3*w + w = -3*j - 9, -j - w = -2. Is (-557)/(-2)*(3 + j) a composite number?
False
Suppose 7 - 47 = -8*m. Suppose u + 5*q - 38 = -0*q, 4*u = m*q + 127. Is u prime?
False
Let o = 100567 - 67572. Is o a composite number?
True
Let d be 2*(-3)/(-2) - 5. Let o = d - 2. Is o/18 - 303/(-27) a composite number?
False
Let y(c) = -384*c + 7. Let h be y(-6). Let z = h - 1104. Is z a prime number?
False
Let b = 1 - 1. Let s(l) = l + 88 + 65 + 38. Is s(b) prim